{"id":105,"date":"2017-09-13T15:09:12","date_gmt":"2017-09-13T13:09:12","guid":{"rendered":"http:\/\/www.ostmantrading.fi\/?page_id=105"},"modified":"2024-11-12T10:20:44","modified_gmt":"2024-11-12T08:20:44","slug":"varastointi","status":"publish","type":"page","link":"https:\/\/www.ostmantrading.fi\/?page_id=105","title":{"rendered":"LAGRING"},"content":{"rendered":"<p><img loading=\"lazy\" decoding=\"async\" class=\"alignnone size-full wp-image-341\" src=\"http:\/\/www.ostmantrading.fi\/wp-content\/uploads\/2017\/09\/bild2fryslager.jpg\" alt=\"\" width=\"920\" height=\"500\" srcset=\"https:\/\/www.ostmantrading.fi\/wp-content\/uploads\/2017\/09\/bild2fryslager.jpg 920w, https:\/\/www.ostmantrading.fi\/wp-content\/uploads\/2017\/09\/bild2fryslager-300x163.jpg 300w, https:\/\/www.ostmantrading.fi\/wp-content\/uploads\/2017\/09\/bild2fryslager-768x417.jpg 768w\" sizes=\"(max-width: 920px) 100vw, 920px\" \/><\/p>\n<p>L\u00e4mp\u00f6tila j\u00e4\u00e4tel\u00f6lle ja muille pakastetuille elintarvikkeille t\u00e4ytyy olla alle -20 \u00b0C tai mielell\u00e4\u00e4n viel\u00e4 kylmemp\u00e4\u00e4. Siksi on oltava erityiset tilat, jossa pakastettuja elintarvikkeita varastoidaan ja t\u00e4rkeint\u00e4 on, ettei l\u00e4mp\u00f6tila miss\u00e4\u00e4n vaiheessa ylit\u00e4 -18 \u00b0C.<\/p>\n<p>\u00d6stman Trading laajesi pakastevaraston 2019, joka samalla palvelee pakastettujen elintarvikkeiden logistiikkakeskuksena. Pakastevaraston kapasiteetti on n. 4500 lavaa. Se on varustettu\u00a0 uusimmalla tekniikalla , (j\u00e4\u00e4hdytykseen k\u00e4ytet\u00e4\u00e4n hiilidioksiidia). Jotta tavaravirran ja varaston k\u00e4sittely sujuisi hyvin k\u00e4ytet\u00e4\u00e4n siirrett\u00e4vi\u00e4 varastohyllyj\u00e4. ymp\u00e4rist\u00f6kuormituksen v\u00e4hent\u00e4miseksi pyrit\u00e4\u00e4n tuottamaan mahdollisimman paljon s\u00e4hk\u00f6\u00e4 aurinkopaneleilla.<\/p>\n<p>Koska vastaavankokoista pakastevarastoa ei ole Kokkolan-seudulla, \u00d6stman Trading voi tarjota pakastevarastoinnin ja logistiikan sis\u00e4lt\u00e4vi\u00e4 kokonaispalveluita yritysasiakkaille Oulun ja Vaasan v\u00e4lill\u00e4. \u00d6stman Tradingill\u00e4 on k\u00e4yt\u00f6ss\u00e4 my\u00f6s kylm\u00e4varasto +5 C. Se toimii t\u00e4ll\u00e4 hetkell\u00e4 p\u00e4ivitt\u00e4isen tavaravirran terminaalina. Elokuussa 2019 valmistui pakastetunneli elintarvikkeiden pakastukseen, jotta voidaan tarjota t\u00e4yden palvelun\u00a0 logistiikkaketjua elintarviketeollisuudelle.<\/p>\n","protected":false},"excerpt":{"rendered":"<p><img loading=\"lazy\" decoding=\"async\" class=\"alignnone size-full wp-image-341\" src=\"http:\/\/www.ostmantrading.fi\/wp-content\/uploads\/2017\/09\/bild2fryslager.jpg\" alt=\"\" width=\"920\" height=\"500\" srcset=\"https:\/\/www.ostmantrading.fi\/wp-content\/uploads\/2017\/09\/bild2fryslager.jpg 920w, https:\/\/www.ostmantrading.fi\/wp-content\/uploads\/2017\/09\/bild2fryslager-300x163.jpg 300w, https:\/\/www.ostmantrading.fi\/wp-content\/uploads\/2017\/09\/bild2fryslager-768x417.jpg 768w\" sizes=\"(max-width: 920px) 100vw, 920px\" \/><\/p>\n<p>L\u00e4mp\u00f6tila j\u00e4\u00e4tel\u00f6lle ja muille pakastetuille elintarvikkeille t\u00e4ytyy olla alle -20 \u00b0C &#8230;<\/p>\n","protected":false},"author":1,"featured_media":0,"parent":0,"menu_order":4,"comment_status":"closed","ping_status":"closed","template":"","meta":{"footnotes":""},"class_list":["post-105","page","type-page","status-publish","hentry"],"yoast_head":"<!-- This site is optimized with the Yoast SEO plugin v23.8 - https:\/\/yoast.com\/wordpress\/plugins\/seo\/ -->\n<title>LAGRING &#8226; \u00d6stman Trading<\/title>\n<meta name=\"robots\" content=\"index, follow, max-snippet:-1, max-image-preview:large, max-video-preview:-1\" \/>\n<link rel=\"canonical\" href=\"https:\/\/www.ostmantrading.fi\/?page_id=105\" \/>\n<meta property=\"og:locale\" content=\"sv_SE\" \/>\n<meta property=\"og:type\" content=\"article\" \/>\n<meta property=\"og:title\" content=\"LAGRING &#8226; \u00d6stman Trading\" \/>\n<meta property=\"og:description\" content=\"L\u00e4mp\u00f6tila j\u00e4\u00e4tel\u00f6lle ja muille pakastetuille elintarvikkeille t\u00e4ytyy olla alle -20 \u00b0C ...\" \/>\n<meta property=\"og:url\" content=\"https:\/\/www.ostmantrading.fi\/?page_id=105\" \/>\n<meta property=\"og:site_name\" content=\"\u00d6stman Trading\" \/>\n<meta property=\"article:modified_time\" content=\"2024-11-12T08:20:44+00:00\" \/>\n<meta property=\"og:image\" content=\"https:\/\/www.ostmantrading.fi\/wp-content\/uploads\/2017\/09\/bild2fryslager.jpg\" \/>\n\t<meta property=\"og:image:width\" content=\"920\" \/>\n\t<meta property=\"og:image:height\" content=\"500\" \/>\n\t<meta property=\"og:image:type\" content=\"image\/jpeg\" \/>\n<meta name=\"twitter:card\" content=\"summary_large_image\" \/>\n<meta name=\"twitter:label1\" content=\"Ber\u00e4knad l\u00e4stid\" \/>\n\t<meta name=\"twitter:data1\" content=\"2 minuter\" \/>\n<script type=\"application\/ld+json\" class=\"yoast-schema-graph\">{\"@context\":\"https:\/\/schema.org\",\"@graph\":[{\"@type\":\"WebPage\",\"@id\":\"https:\/\/www.ostmantrading.fi\/?page_id=105\",\"url\":\"https:\/\/www.ostmantrading.fi\/?page_id=105\",\"name\":\"LAGRING &#8226; \u00d6stman Trading\",\"isPartOf\":{\"@id\":\"https:\/\/www.ostmantrading.fi\/#website\"},\"primaryImageOfPage\":{\"@id\":\"https:\/\/www.ostmantrading.fi\/?page_id=105#primaryimage\"},\"image\":{\"@id\":\"https:\/\/www.ostmantrading.fi\/?page_id=105#primaryimage\"},\"thumbnailUrl\":\"http:\/\/www.ostmantrading.fi\/wp-content\/uploads\/2017\/09\/bild2fryslager.jpg\",\"datePublished\":\"2017-09-13T13:09:12+00:00\",\"dateModified\":\"2024-11-12T08:20:44+00:00\",\"breadcrumb\":{\"@id\":\"https:\/\/www.ostmantrading.fi\/?page_id=105#breadcrumb\"},\"inLanguage\":\"sv-SE\",\"potentialAction\":[{\"@type\":\"ReadAction\",\"target\":[\"https:\/\/www.ostmantrading.fi\/?page_id=105\"]}]},{\"@type\":\"ImageObject\",\"inLanguage\":\"sv-SE\",\"@id\":\"https:\/\/www.ostmantrading.fi\/?page_id=105#primaryimage\",\"url\":\"http:\/\/www.ostmantrading.fi\/wp-content\/uploads\/2017\/09\/bild2fryslager.jpg\",\"contentUrl\":\"http:\/\/www.ostmantrading.fi\/wp-content\/uploads\/2017\/09\/bild2fryslager.jpg\"},{\"@type\":\"BreadcrumbList\",\"@id\":\"https:\/\/www.ostmantrading.fi\/?page_id=105#breadcrumb\",\"itemListElement\":[{\"@type\":\"ListItem\",\"position\":1,\"name\":\"Hem\",\"item\":\"https:\/\/www.ostmantrading.fi\/\"},{\"@type\":\"ListItem\",\"position\":2,\"name\":\"LAGRING\"}]},{\"@type\":\"WebSite\",\"@id\":\"https:\/\/www.ostmantrading.fi\/#website\",\"url\":\"https:\/\/www.ostmantrading.fi\/\",\"name\":\"\u00d6stman Trading\",\"description\":\"Pakastelogistiikka - Fryslogistik\",\"potentialAction\":[{\"@type\":\"SearchAction\",\"target\":{\"@type\":\"EntryPoint\",\"urlTemplate\":\"https:\/\/www.ostmantrading.fi\/?s={search_term_string}\"},\"query-input\":{\"@type\":\"PropertyValueSpecification\",\"valueRequired\":true,\"valueName\":\"search_term_string\"}}],\"inLanguage\":\"sv-SE\"}]}<\/script>\n<!-- \/ Yoast SEO plugin. -->","yoast_head_json":{"title":"LAGRING &#8226; \u00d6stman Trading","robots":{"index":"index","follow":"follow","max-snippet":"max-snippet:-1","max-image-preview":"max-image-preview:large","max-video-preview":"max-video-preview:-1"},"canonical":"https:\/\/www.ostmantrading.fi\/?page_id=105","og_locale":"sv_SE","og_type":"article","og_title":"LAGRING &#8226; \u00d6stman Trading","og_description":"L\u00e4mp\u00f6tila j\u00e4\u00e4tel\u00f6lle ja muille pakastetuille elintarvikkeille t\u00e4ytyy olla alle -20 \u00b0C ...","og_url":"https:\/\/www.ostmantrading.fi\/?page_id=105","og_site_name":"\u00d6stman Trading","article_modified_time":"2024-11-12T08:20:44+00:00","og_image":[{"width":920,"height":500,"url":"https:\/\/www.ostmantrading.fi\/wp-content\/uploads\/2017\/09\/bild2fryslager.jpg","type":"image\/jpeg"}],"twitter_card":"summary_large_image","twitter_misc":{"Ber\u00e4knad l\u00e4stid":"2 minuter"},"schema":{"@context":"https:\/\/schema.org","@graph":[{"@type":"WebPage","@id":"https:\/\/www.ostmantrading.fi\/?page_id=105","url":"https:\/\/www.ostmantrading.fi\/?page_id=105","name":"LAGRING &#8226; \u00d6stman Trading","isPartOf":{"@id":"https:\/\/www.ostmantrading.fi\/#website"},"primaryImageOfPage":{"@id":"https:\/\/www.ostmantrading.fi\/?page_id=105#primaryimage"},"image":{"@id":"https:\/\/www.ostmantrading.fi\/?page_id=105#primaryimage"},"thumbnailUrl":"http:\/\/www.ostmantrading.fi\/wp-content\/uploads\/2017\/09\/bild2fryslager.jpg","datePublished":"2017-09-13T13:09:12+00:00","dateModified":"2024-11-12T08:20:44+00:00","breadcrumb":{"@id":"https:\/\/www.ostmantrading.fi\/?page_id=105#breadcrumb"},"inLanguage":"sv-SE","potentialAction":[{"@type":"ReadAction","target":["https:\/\/www.ostmantrading.fi\/?page_id=105"]}]},{"@type":"ImageObject","inLanguage":"sv-SE","@id":"https:\/\/www.ostmantrading.fi\/?page_id=105#primaryimage","url":"http:\/\/www.ostmantrading.fi\/wp-content\/uploads\/2017\/09\/bild2fryslager.jpg","contentUrl":"http:\/\/www.ostmantrading.fi\/wp-content\/uploads\/2017\/09\/bild2fryslager.jpg"},{"@type":"BreadcrumbList","@id":"https:\/\/www.ostmantrading.fi\/?page_id=105#breadcrumb","itemListElement":[{"@type":"ListItem","position":1,"name":"Hem","item":"https:\/\/www.ostmantrading.fi\/"},{"@type":"ListItem","position":2,"name":"LAGRING"}]},{"@type":"WebSite","@id":"https:\/\/www.ostmantrading.fi\/#website","url":"https:\/\/www.ostmantrading.fi\/","name":"\u00d6stman Trading","description":"Pakastelogistiikka - Fryslogistik","potentialAction":[{"@type":"SearchAction","target":{"@type":"EntryPoint","urlTemplate":"https:\/\/www.ostmantrading.fi\/?s={search_term_string}"},"query-input":{"@type":"PropertyValueSpecification","valueRequired":true,"valueName":"search_term_string"}}],"inLanguage":"sv-SE"}]}},"_links":{"self":[{"href":"https:\/\/www.ostmantrading.fi\/index.php?rest_route=\/wp\/v2\/pages\/105"}],"collection":[{"href":"https:\/\/www.ostmantrading.fi\/index.php?rest_route=\/wp\/v2\/pages"}],"about":[{"href":"https:\/\/www.ostmantrading.fi\/index.php?rest_route=\/wp\/v2\/types\/page"}],"author":[{"embeddable":true,"href":"https:\/\/www.ostmantrading.fi\/index.php?rest_route=\/wp\/v2\/users\/1"}],"replies":[{"embeddable":true,"href":"https:\/\/www.ostmantrading.fi\/index.php?rest_route=%2Fwp%2Fv2%2Fcomments&post=105"}],"version-history":[{"count":26,"href":"https:\/\/www.ostmantrading.fi\/index.php?rest_route=\/wp\/v2\/pages\/105\/revisions"}],"predecessor-version":[{"id":518,"href":"https:\/\/www.ostmantrading.fi\/index.php?rest_route=\/wp\/v2\/pages\/105\/revisions\/518"}],"wp:attachment":[{"href":"https:\/\/www.ostmantrading.fi\/index.php?rest_route=%2Fwp%2Fv2%2Fmedia&parent=105"}],"curies":[{"name":"wp","href":"https:\/\/api.w.org\/{rel}","templated":true}]}}